 708156 and 1660.
332
What is the highest common divisor of 7993297 and 1417?
1417
What is the highest common factor of 3360 and 9870?
210
Calculate the greatest common divisor of 4062 and 6.
6
Calculate the highest common factor of 474 and 1521066.
474
Calculate the highest common factor of 1859475 and 75.
75
Calculate the greatest common divisor of 408645 and 2025.
405
Calculate the greatest common divisor of 132 and 166676.
4
Calculate the greatest common divisor of 57400 and 1540.
140
Calculate the greatest common factor of 50199 and 87.
87
Calculate the greatest common divisor of 7936 and 5760.
128
What is the greatest common divisor of 31719 and 194?
97
What is the highest common factor of 5190 and 330?
30
Calculate the highest common factor of 7166 and 4.
2
What is the highest common divisor of 154640 and 1560?
40
What is the greatest common factor of 125097 and 20979?
777
Calculate the greatest common divisor of 15385 and 10.
5
Calculate the highest common factor of 3377 and 7368.
307
What is the highest common factor of 2789800 and 31200?
2600
What is the highest common divisor of 13366 and 9266?
82
Calculate the highest common divisor of 4500 and 159120.
180
What is the highest common factor of 224 and 282856?
56
What is the highest common divisor of 1638 and 559188?
126
Calculate the highest common divisor of 127416 and 48.
24
What is the highest common divisor of 1398 and 132?
6
Calculate the greatest common factor of 808106 and 130.
26
What is the highest common factor of 23849 and 567?
7
What is the greatest common divisor of 211460 and 20?
20
What is the greatest common factor of 1557028 and 484?
484
Calculate the highest common divisor of 12364 and 47828.
44
Calculate the highest common divisor of 75889 and 3454.
11
Calculate the greatest common factor of 6109 and 7831.
41
Calculate the highest common divisor of 59 and 407159.
59
What is the greatest common factor of 29252 and 1988?
284
Calculate the greatest common factor of 223800 and 9600.
600
What is the greatest common factor of 272364 and 12?
12
Calculate the highest common factor of 612560 and 312.
104
What is the greatest common factor of 27825 and 185871?
1113
Calculate the greatest common factor of 87300 and 11250.
450
Calculate the greatest common divisor of 3800 and 125.
25
Calculate the highest common divisor of 208 and 157040.
208
What is the greatest common factor of 101 and 38?
1
Calculate the highest common factor of 278048 and 352.
32
Calculate the greatest common factor of 41722 and 138.
46
Calculate the highest common divisor of 252084 and 672.
84
What is the highest common divisor of 40 and 208280?
40
Calculate the highest common divisor of 2010 and 435.
15
What is the greatest common factor of 227441 and 79?
79
What is the greatest common divisor of 2923 and 2686?
79
What is the greatest common factor of 340 and 9792?
68
What is the greatest common divisor of 840 and 4915?
5
Calculate the greatest common factor of 734 and 121477.
367
Calculate the highest common divisor of 5146 and 2075.
83
Calculate the highest common divisor of 20154 and 12.
6
Calculate the greatest common factor of 6090 and 2170.
70
Calculate the highest common factor of 1443 and 15.
3
What is the highest common factor of 5078 and 2?
2
What is the highest common factor of 12 and 38172?
12
What is the greatest common divisor of 123372 and 6?
6
What is the highest common divisor of 537 and 151792?
179
Calculate the highest common divisor of 5427 and 6318.
81
What is the highest common factor of 19285 and 20909?
203
Calculate the highest common factor of 208 and 390416.
208
Calculate the highest common factor of 211505 and 7.
7
Calculate the highest common factor of 872 and 656398.
218
Calculate the highest common divisor of 70845 and 15.
15
Calculate the highest common divisor of 644077 and 4949.
707
What is the highest common divisor of 9417 and 2451?
129
Calculate the highest common divisor of 39 and 22191.
39
What is the highest common factor of 6888 and 738?
246
Calculate the highest common factor of 13893 and 1082391.
1263
What is the highest common factor of 86713 and 11?
11
Calculate the highest common factor of 492493 and 2348.
587
What is the greatest common divisor of 13832 and 504?
56
Calculate the greatest common factor of 869 and 40685.
79
What is the greatest common factor of 3264 and 442?
34
Calculate the greatest common factor of 2119040 and 44.
44
Calculate the highest common factor of 48464 and 3961.
233
Calculate the highest common factor of 214 and 186287.
107
What is the highest common divisor of 44 and 4323?
11
Calculate the highest common divisor of 326450 and 1050.
50
Calculate the greatest common divisor of 72 and 28560.
24
What is the greatest common factor of 98 and 1919330?
98
Calculate the greatest common divisor of 120 and 505440.
120
What is the greatest common factor of 3857 and 19475?
19
What is the highest common divisor of 815 and 1420382?
163
What is the highest common factor of 86310 and 90?
90
What is the greatest common factor of 75408 and 976?
16
Calculate the greatest common divisor of 52 and 44096.
52
Calculate the highest common factor of 862 and 7340361.
431
Calculate the greatest common factor of 1314 and 144321.
219
Calculate the greatest common factor of 172272 and 137352.
2328
Calculate the greatest common divisor of 27949 and 152.
19
What is the highest common divisor of 6177 and 696?
87
What is the greatest common divisor of 36 and 756876?
12
Calculate the highest common divisor of 495 and 36245.
55
What is the highest common divisor of 179 and 88247?
179
What is the greatest common divisor of 736 and 12811?
23
Calculate the highest common divisor of 52 and 127868.
52
What is the greatest common factor of 524402 and 632?
158
What is the highest common divisor of 49 and 3486?
7
Calculate the highest common factor of 1411 and 1054.
17
Calculate the highest common divisor of 1214821 and 37.
37
What is the greatest common factor of 1022 and 252?
14
Calculate the greatest common factor of 9289 and 2681.
7
What is the greatest common factor of 8199 and 88367?
911
Calculate the highest common factor of 6895875 and 925.
925
What is the greatest common factor of 33945 and 572685?
1095
Calculate the highest common factor of 1500 and 1360.
20
What is the highest common factor of 48 and 1238?
2
What is the greatest common factor of 12 and 233718?
6
What is the greatest common factor of 186 and 486?
6
Calculate the greatest common divisor of 616663 and 43.
43
What is the greatest common factor of 1460 and 640?
20
What is the highest common divisor of 374 and 35354?
22
What is the greatest common factor of 640 and 5600?
160
What is the highest common divisor of 504 and 24243?
3
What is the highest common divisor of 44 and 77242?
22
What is the greatest common factor of 16926 and 127348?
806
What is the highest common divisor of 9305 and 20?
5
Calculate the highest common divisor of 413 and 154344.
59
What is the highest common factor of 101 and 466721?
101
Calculate the greatest common divisor of 7256 and 3100126.
1814
What is the greatest common divisor of 105462 and 189?
189
Calculate the highest common divisor of 188214 and 37338.
762
What is the greatest common factor of 1136 and 16672?
16
Calculate the highest common divisor of 5530 and 1841.
7
What is the highest common factor of 957 and 209?
11
What is the highest common factor of 82810 and 1638?
182
What is the greatest common divisor of 473 and 1849?
43
Calculate the highest common factor of 44302 and 136.
34
Calculate the greatest common factor of 5 and 25595.
5
Calculate the highest common divisor of 8880 and 7152.
48
Calculate the highest common divisor of 24653 and 9434.
89
Calculate the greatest common factor of 17661 and 174.
87
Calculate the highest common factor of 2559915 and 978.
489
Calculate the greatest common divisor of 6432870 and 552.
138
What is the greatest common divisor of 391493 and 170?
17
What is the highest common factor of 2072 and 6728?
8
What is the highest common divisor of 76 and 92074?
38
What is the highest common factor of 3564 and 54?
54
What is the greatest common factor of 334074 and 4?
2
Calculate the highest common factor of 6183 and 1512.
27
Calculate 